- 1110220?
-1221020
In base 6, what is -2413425 - -5?
-2413420
In base 5, what is 240 + -1033423?
-1033133
In base 11, what is -4287 + -25?
-4301
In base 12, what is 52a + 2b9?
827
In base 10, what is 4 + 135074?
135078
In base 5, what is -14 - 101141?
-101210
In base 3, what is -100212101 + -1?
-100212102
In base 7, what is 40 - -2642305?
2642345
In base 14, what is 32 - -274?
2a6
In base 14, what is -67a4 - 0?
-67a4
In base 14, what is 16 - 1351c?
-13506
In base 16, what is -1967 - -6a?
-18fd
In base 13, what is 2 - -b4a9?
b4ab
In base 9, what is 438853 + 3?
438856
In base 12, what is -59 + -112?
-16b
In base 12, what is 3093 + 9?
30a0
In base 2, what is -11100 - 10111100?
-11011000
In base 7, what is 32 - -306210?
306242
In base 2, what is -100001100101101 - -101000?
-100001100000101
In base 3, what is 12 + -2012021220?
-2012021201
In base 10, what is 0 - 22051?
-22051
In base 6, what is 144 - -215512?
220100
In base 10, what is 5 - 121010?
-121005
In base 14, what is -50d2 - 3?
-50d5
In base 8, what is 400 + 1274?
1674
In base 11, what is 1399 - 11a4?
1a5
In base 10, what is -15 + -14817?
-14832
In base 13, what is 132 + -4b9?
-387
In base 13, what is -89 + c06?
b4a
In base 3, what is -1001220 - -1001?
-1000212
In base 7, what is -143313 + -13?
-143326
In base 8, what is 2774 - -12?
3006
In base 2, what is -100000101000100 + 101100?
-100000100011000
In base 16, what is -8e - -33b?
2ad
In base 9, what is -62 + -1886?
-2058
In base 7, what is -256425 - -41?
-256354
In base 6, what is -24314 + -10?
-24324
In base 2, what is -101 - -1100010001101011?
1100010001100110
In base 16, what is 164 + -89e?
-73a
In base 7, what is 354 - -100365?
101052
In base 6, what is 510 + -3205?
-2255
In base 3, what is 2010010 + -210?
2002100
In base 7, what is 0 + 234436?
234436
In base 14, what is -2 + 156b2b?
156b29
In base 7, what is -126 - 2116?
-2245
In base 9, what is 6 - -5715?
5722
In base 5, what is 33241 - 3113?
30123
In base 16, what is 86 - -1d26?
1dac
In base 2, what is 111 - 110011000101111?
-110011000101000
In base 12, what is -6580 + 128?
-6454
In base 7, what is 2402 + -1446?
623
In base 13, what is 3 + a615?
a618
In base 12, what is -8729 - 4?
-8731
In base 9, what is -141823 - 5?
-141828
In base 11, what is 454021 - 3?
454019
In base 6, what is 215 + 1515?
2134
In base 5, what is 0 + -3002114?
-3002114
In base 11, what is -4 + 70897a?
708976
In base 15, what is -1 - 8607?
-8608
In base 7, what is -12 - 544334?
-544346
In base 4, what is -30223 - -103?
-30120
In base 2, what is -10101010000011 - -10111?
-10101001101100
In base 11, what is 3610 - -2?
3612
In base 13, what is 33cb6 - -32?
34018
In base 8, what is 0 + -56331?
-56331
In base 6, what is -1 + -2040203?
-2040204
In base 5, what is 3 - 21434?
-21431
In base 11, what is 0 - 184876?
-184876
In base 2, what is 1001 + -11011111?
-11010110
In base 14, what is -28 - d5b1?
-d5d9
In base 14, what is 4 + 9179?
917d
In base 13, what is 82 - 3ca?
-348
In base 2, what is -11111 + 111100111?
111001000
In base 8, what is -26 - -33231?
33203
In base 13, what is 18a76 + 9?
18a82
In base 10, what is 68 - -1?
69
In base 8, what is -3 + -13762?
-13765
In base 7, what is -3 + -20356?
-20362
In base 5, what is -111 - -104014?
103403
In base 2, what is -101101000101011 - -10000?
-101101000011011
In base 7, what is 4 - 44354?
-44350
In base 7, what is 4436 - -1514?
6253
In base 13, what is b61 + 11?
b72
In base 10, what is 294 + 178?
472
In base 15, what is -1 + -80?
-81
In base 5, what is -44304 - -4?
-44300
In base 7, what is -10 + -2653?
-2663
In base 15, what is d2 + -5c7?
-4e5
In base 15, what is 3250 - -8?
3258
In base 16, what is 2a - 828?
-7fe
In base 10, what is 33 - -5603?
5636
In base 4, what is 231 - 1113232?
-1113001
In base 15, what is -9eb2 - -3?
-9eae
In base 7, what is 1421015 + 4?
1421022
In base 16, what is 4 - -594e?
5952
In base 11, what is -46 + 22174?
22129
In base 10, what is 152 - 1680?
-1528
In base 13, what is -3 - 4b91?
-4b94
In base 15, what is -a48a + 2?
-a488
In base 2, what is 111101001101011001 + 1?
111101001101011010
In base 4, what is -31133121 - 112?
-31133233
In base 11, what is -1235a6 - 9?
-123604
In base 7, what is -13341 + 0?
-13341
In base 11, what is 4195 + -1?
4194
In base 9, what is 776385 - -8?
776404
In base 2, what is -1001101110 + 100011111?
-101001111
In base 13, what is 2c9 - -122b?
1527
In base 9, what is 3 + -670608?
-670605
In base 7, what is 2 - 14444636?
-14444634
In base 8, what is -310 + -306?
-616
In base 6, what is 1142 - 220?
522
In base 10, what is -2626311 - 5?
-2626316
In base 2, what is 100111010001110 + 1110?
100111010011100
In base 10, what is -10 - -5651?
5641
In base 5, what is 12103 - 434?
11114
In base 5, what is -2 - 1034333?
-1034340
In base 9, what is 3 + 748458?
748462
In base 10, what is 1 + 719822?
719823
In base 2, what is 11 + 110010010110111100011?
110010010110111100110
In base 15, what is -14a23 - 0?
-14a23
In base 9, what is -263381 + -15?
-263406
In base 2, what is 101 + -111110011000?
-111110010011
In base 3, what is 221110100 - -1?
221110101
In base 5, what is 2 + -32130120?
-32130113
In base 14, what is 104bb + 1?
104bc
In base 5, what is 443014 + 2?
443021
In base 4, what is 230221 - 33?
230122
In base 12, what is -1785 - -5?
-1780
In base 14, what is -66 - -77?
11
In base 13, what is -5 + 26a91?
26a89
In base 9, what is -3216 + -17?
-3234
In base 4, what is -10 - 11003320?
-11003330
In base 8, what is -410 + 1622?
1212
In base 15, what is -595c + 27?
-5935
In base 7, what is -631434 + -13?
-631450
In base 3, what is 102100 + -101002?
1021
In base 9, what is -3 - 32466?
-32470
In base 9, what is 1011 - -2087?
3108
In base 16, what is -2a8 - -105?
-1a3
In base 16, what is -1c + -17be2?
-17bfe
In base 6, what is 24440 + 111?
24551
In base 16, what is 31d0f - -4?
31d13
In base 3, what is 1120101 - 100010?
1020021
In base 11, what is -29103 - -11?
-290a2
In base 5, what is 21112444 + -22?
21112422
In base 10, what is 55 + -2690?
-2635
In base 5, what is 22 - 12212014?
-12211442
In base 2, what is -10010 + 1101101100101?
1101101010011
In base 5, what is 1410331 + 1?
1410332
In base 12, what is 7 - 552b1?
-552a6
In base 16, what is -9 + -a43?
-a4c
In base 9, what is 0 + -2276814?
-2276814
In base 12, what is -223a2a9 - 4?
-223a2b1
In base 15, what is -3a + -abb?
-b06
In base 15, what is -18b50 + -2?
-18b52
In base 6, what is -1 - -20054?
20053
In base 5, what is -112333 + -4?
-112342
In base 14, what is -6 + -9323?
-9329
In base 6, what is -111422 + 3?
-111415
In base 3, what is 10001220 - -11?
10002001
In base 15, what is -1289e - -4?
-1289a
In base 10, what is 480 + 1077?
1557
In base 7, what is 14640 + -2?
14635
In base 15, what is -2 + 48965?
48963
In base 5, what is -221312 - 404?
-222221
In base 2, what is 11111110001100101100 - -101?
11111110001100110001
In base 15, what is 1a5aad - -5?
1a5ab3
In base 11, what is 2 - a8927?
-a8925
In base 16, what is -1d7 + -3c?
-213
In base 16, what is -2 + -15277?
-15279
In base 3, what is -200012100 + -2?
-200012102
In base 12, what is 1 - -1275?
1276
In base 3, what is 10221000 - 22?
10220201
In base 4, what is 11222 + -30021?
-12133
In base 3, what is 1022222100 + -12?
1022222011
In base 10, what is 1650 - 7?
1643
In base 9, what is 587 + 1607?
2305
In base 9, what is -2 + -17048?
-17051
In base 6, what is 15 - 1505320?
-1505301
In base 2, what is -1001000110 + -111011?
-1010000001
In base 2, what is 100010111111 - 100?
100010111011
In base 13, what is 403 - -39?
43c
In base 13, what is -8 + -b372?
-b37a
In base 14, what is -4b06 - -26?
-4ac0
In base 13, what is 3245 - 3?
3242
In base 8, what is 14 - 1660102?
-1660066
In base 16, what is b5 + -747?
-692
In base 5, what is -2214000 - -142?
-2213303
In base 2, what is -100011000111 - 100111110010?
-1001010111001
In base 15, what is -1e1 + -85?
-276
In base 15, what is 50877 - -5?
5087c
In base 10, what is -29214 + 5?
-29209
In base 10, what is 5462 - 5?
5457
In base 10, what is 62 + -726?
-664
In base 11, what is -4 - -9089?
9085
In base 12, what is 72879a - -1?
72879b
In base 12, what is -130 + -419?
-549
In base 14, what is a7 + -a8?
-1
In base 12, what is 4 - -2151?
2155
In base 2, what is 10011000100010 - -1?
10011000100011
In